 11. Let r be h(0). Calculate the remainder when 402 is divided by (-232)/(-6)*(r - (-38)/(-4)).
54
Suppose 4*k - 6*k = -102. Suppose -4*o - 5 - 7 = 0, 3*t - k = 3*o. Let f = -20 - -29. What is the remainder when t is divided by f?
5
Suppose -148*q = -153*q - 900. Let k = 298 + q. Calculate the remainder when k is divided by 24.
22
Suppose 47 = 10*w + 577. Let p = -48 - w. Suppose p*h - 65 = 110. What is the remainder when h is divided by 12?
11
Suppose 2*a - 39 = -a. Let s = 27 - 24. Suppose 2*i - 5*y - 447 = 37, -3*i + s*y = -708. Calculate the remainder when i is divided by a.
11
Suppose -466 = -a + 5*b - 3*b, -3*a + 4*b + 1400 = 0. Suppose -l - 3*l = -a. What is the remainder when l is divided by 38?
3
Suppose 0 = 875*x - 896*x + 2709. Calculate the remainder when x is divided by 22.
19
Let h(q) = q**2 - 15*q + 3. Let w be (-4 - 1)/((-7)/21). Let g be h(w). Suppose -g*l = -64 + 4. Calculate the remainder when 78 is divided by l.
18
Let f = 4749 + -2312. What is the remainder when f is divided by 61?
58
Suppose 0 = -3*v - d + 112 + 35, 5*d = -5*v + 265. Calculate the remainder when 190 is divided by v.
2
Let a = 1284 - 826. What is the remainder when a is divided by 133?
59
Suppose 0 = -69*y + 2358 - 1254. Calculate the remainder when y is divided by 10 + -2 + (0 - 2).
4
Suppose 12 = -4*d, 0 = -2*i - 5*d + 3 - 26. Suppose -4*q + 4*u = -60, -2*u + u = 5*q - 93. Calculate the remainder when 14/56 + (-275)/i is divided by q.
15
Suppose -2869*x + 286 = -2858*x. What is the remainder when 986 is divided by x?
24
Suppose 6*g = g, 3*j + 5*g - 12 = 0. Suppose -9*n - 294 = -4*b - 14*n, j*n = b - 63. What is the remainder when 564 is divided by b?
67
Suppose p = -7*p + 784. Let d(x) = -x**2 + 26*x + 61. Calculate the remainder when p is divided by d(28).
3
Let g(i) = 31*i - 133. Let s(r) = -15*r + 65. Let o(w) = 2*g(w) + 5*s(w). Let u = 19 - -7. What is the remainder when u is divided by o(4)?
5
Suppose -24 = -0*s - 4*s. Suppose -5*l - 127 = 33. What is the remainder when 8/((l/14)/(-8)) is divided by s?
4
Suppose -2 - 5 = -7*h. Let y be (2/(-6))/(2/(-174*h)). Suppose 5*g - 74 = -y. What is the remainder when 35 is divided by g?
8
Suppose 5*z - 4*r + 5*r - 604 = 0, 3*z = -4*r + 376. Calculate the remainder when z is divided by 26.
16
Suppose -93 = -6*d - 128 + 173. Let g = 633 + -400. Let c = g - 145. What is the remainder when c is divided by d?
19
Suppose -w + 52 = -241*p + 239*p, 0 = -w - 3*p + 97. Let y = -33 + 85. Suppose y - 7 = 5*u. Calculate the remainder when w is divided by u.
7
Let k(y) = -3*y**2 - 46*y + 111. Let r(h) = 4*h**2 + 69*h - 166. Let t(n) = 7*k(n) + 5*r(n). What is the remainder when 92 is divided by t(6)?
43
Suppose -v + 0*s + 5*s = 2, 6 = 3*v - 3*s. Suppose 3*i - v*h - 2*h = 1181, -5*h = i - 407. What is the remainder when i is divided by 10?
7
Suppose 0 = 2*p - p + 53. Let r = p - -79. Suppose 69 + 176 = 5*a. Calculate the remainder when a is divided by r.
23
Suppose 11*k - 2*q = 7*k - 7024, 0 = 3*k - 3*q + 5271. What is the remainder when 194 is divided by 4/2*k/(-54)?
64
Let l(v) = 3*v**2 + 7*v + 4. Let q be l(-5). Let w = q - 30. Suppose -2*t + 106 = -16*c + 21*c, -t + 50 = 3*c. What is the remainder when t is divided by w?
12
Let r(t) = -t + 25. Let y(q) = -4*q - 1. Let z be y(2). Let d be r(z). Let k = 52 + d. What is the remainder when k is divided by 15?
11
Let n = -9038 + 9075. Calculate the remainder when 55 is divided by n.
18
Suppose -2*t + 13 = -0*t - a, -40 = -5*t + 4*a. Suppose t*b - 96 = -4*j, 3*j - 4*j - 2 = 0. What is the remainder when 71 is divided by b?
19
Let i = 13118 + -13101. Calculate the remainder when 688 is divided by i.
8
Let l(z) = z**2 + 5*z + 13. Let j be l(-3). Let t(h) = -9*h + 148. What is the remainder when t(j) is divided by 15?
10
Let b = -40 - -42. Let n be 11 + 2/(b + 0). Suppose 5*w = -z + 44, -z + 26 = -w - n. Calculate the remainder when z is divided by 15.
9
Suppose 16*d - 24*d = -24. Suppose p - d = 0, 2*i - i - 42 = 5*p. What is the remainder when i is divided by 15?
12
Suppose 153*d = 152*d + 212. Let h = d - 144. Calculate the remainder when h is divided by 18.
14
Let i be 3*(-15)/(-9) + (8 - 10). Suppose 4*d - 109 - 206 = -b, i*d - 245 = b. Calculate the remainder when d is divided by 35.
10
Let y be -1 - 2*381 - (216 - 220). Let t = 778 + y. What is the remainder when 134 is divided by t?
1
Suppose -4*v + 508 = s, -v + 4*s + 14 + 96 = 0. Let d = 17 - 8. Let i = v - d. Calculate the remainder when i is divided by 15.
12
Let d(j) = -j**2 + 94*j - 28 - 76*j - 11. What is the remainder when d(14) is divided by 13?
4
Let h(p) = 19 - 8*p + p**2 + 8*p + 4*p. What is the remainder when 68 is divided by h(-5)?
20
Suppose 5*h - 2*n = -13 + 344, -2*h + 130 = -n. What is the remainder when h is divided by 5/(5/2) - -11?
6
Let p(o) = 38*o + 302. Calculate the remainder when 167 is divided by p(-7).
23
Suppose 2*s + 6*m - 122 = 4*m, 252 = 4*s + 3*m. What is the remainder when s is divided by (-1)/(-1) + (1 - -16)?
15
Suppose 4*c - 201 = -3*a, -c = -3*a - 21 - 18. Let p = c + -13. Calculate the remainder when 85 is divided by p.
15
Let p = 150 - 143. Calculate the remainder when p + (-124)/(-2)*1 is divided by 56.
13
Let y be (18/4 + -7)*(-4)/(-1). Suppose 4*n - 4 = 0, k + 2*n = -0*k + 43. What is the remainder when (5 - (-55)/y)*-158 is divided by k?
38
Suppose -146 = -2*s - 4*d, -3*s - 3*d = -53 - 178. Let j = -163 + 372. Calculate the remainder when s is divided by -4*1/(-22) + 2470/j.
9
Let g = -196 - -347. Let o = g - 101. What is the remainder when o is divided by (3/(-1))/((-1)/6)?
14
Suppose -7*l + 2*l + 35 = 0. Let o(n) = 216*n**2 + 409*n + 21. What is the remainder when o(-2) is divided by l?
4
Let x = -108 - -104. What is the remainder when 74 + (-1 - -1)/((-4)/x) is divided by 21?
11
Let a = -5434 - -5933. Let i = -7 - -17. Calculate the remainder when a is divided by i.
9
Suppose 36*j - 4*j - 288 = 0. Suppose -4*v + 6*v + 5*r - 74 = 0, v = -5*r + 47. What is the remainder when v is divided by ((-202)/303)/((-2)/j)?
0
Suppose 5*x - 8574 = q + 448, 3600 = 2*x + 4*q. What is the remainder when x is divided by 86?
84
Let y(h) = h**2 - 316*h - 17800. Let f = 114 + -67. What is the remainder when y(-49) is divided by f?
38
Let f = 23140 - 23021. What is the remainder when 6660 is divided by f?
115
Let o(f) = f**2 - 9*f + 20. Let j be o(13). Suppose -j*b + 116 = -71*b. What is the remainder when b is divided by 30?
26
Suppose -l + 1633 = 3*l + 5*v, l = 4*v + 424. What is the remainder when 38 is divided by (12/(-1))/((-309)/l)?
6
What is the remainder when 2651 is divided by 8312/88 - 288/(-528)?
86
Let p(b) = 2*b + 4*b - 4*b**2 - 190*b**3 + 189*b**3. Let y be p(-6). Suppose -y*h + 37*h = 12. What is the remainder when 28 is divided by h?
4
Suppose 0*c + c = -3*k + 8, -5*k - 20 = 0. Let r = -231 - -231. What is the remainder when c is divided by (-174)/(-21) + r - 12/42?
4
What is the remainder when (-285)/(-19) + 52 + 1 is divided by 57?
11
Let v = -10207 - -10258. Suppose 4*w = 174 - 46. Calculate the remainder when v is divided by w.
19
Let u(q) = -12*q + 492. What is the remainder when 359 is divided by u(39)?
23
Let r = -7623 - -7737. Let j(c) = -c**3 + 6*c**2 - 4*c - 3. Calculate the remainder when r is divided by j(4).
10
Let h = -221 + 455. Suppose 20*g - h = 446. What is the remainder when 76 is divided by g?
8
Let x be ((-20)/56*-4)/(2/14). What is the remainder when 19 is divided by 3 + 0/(x - 5)?
1
Let k(l) = l**3 - 52*l**2 - 159*l + 5. Suppose -4*s - 2*a + 3*a + 168 = 0, 2*s - 4*a - 84 = 0. What is the remainder when k(55) is divided by s?
41
Let u be ((-50)/100)/((-1)/10). What is the remainder when (0 + 1)/(u/950) is divided by 49?
43
Let w(t) = t**2 + t + 2. What is the remainder when (12/(-16))/(15/(-620)) is divided by w(-2)?
3
Suppose -5*p = -4*m - 76, 4*p - 2*m + 3 - 59 = 0. Suppose 114 + p = 14*b. Suppose -228 + 777 = b*d. Calculate the remainder when d is divided by 4.
1
Suppose -106926 = 184*l - 326*l. What is the remainder when l is divided by 51?
39
Let h = -4304 - -5861. What is the remainder when h is divided by 97?
5
Let h be (1/1)/(2/214 + 0). Let k = h - 83. Calculate the remainder when 239 is divided by k.
23
Let b be (69/15)/(1/(45/9)). Suppose 4*c